{"id":2695,"date":"2020-07-07T23:25:17","date_gmt":"2020-07-07T23:25:17","guid":{"rendered":"https:\/\/autoserver.com.br\/?page_id=2695"},"modified":"2026-02-12T09:49:33","modified_gmt":"2026-02-12T12:49:33","slug":"projetos","status":"publish","type":"page","link":"https:\/\/domefy.com.br\/ads\/projetos\/","title":{"rendered":"Projetos"},"content":{"rendered":"\t\t<div data-elementor-type=\"wp-page\" data-elementor-id=\"2695\" class=\"elementor elementor-2695\" data-elementor-post-type=\"page\">\n\t\t\t\t<div class=\"elementor-element elementor-element-e25d6f9 e-flex e-con-boxed e-con e-parent\" data-id=\"e25d6f9\" data-element_type=\"container\" data-e-type=\"container\" data-settings=\"{&quot;background_background&quot;:&quot;classic&quot;}\">\n\t\t\t\t\t<div class=\"e-con-inner\">\n\t\t<div class=\"elementor-element elementor-element-c6ab360 e-con-full e-flex e-con e-child\" data-id=\"c6ab360\" data-element_type=\"container\" data-e-type=\"container\">\n\t\t\t\t<div class=\"elementor-element elementor-element-83ffc00 elementor-widget elementor-widget-image\" data-id=\"83ffc00\" data-element_type=\"widget\" data-e-type=\"widget\" data-widget_type=\"image.default\">\n\t\t\t\t\t\t\t\t\t\t\t\t\t\t\t<img decoding=\"async\" src=\"https:\/\/domefy.com.br\/ads\/wp-content\/uploads\/2026\/02\/drfghadsfg.jpg\" title=\"drfghadsfg\" alt=\"drfghadsfg\" loading=\"lazy\" \/>\t\t\t\t\t\t\t\t\t\t\t\t\t\t\t<\/div>\n\t\t\t\t<\/div>\n\t\t<div class=\"elementor-element elementor-element-6dd39c5 e-con-full e-flex e-con e-child\" data-id=\"6dd39c5\" data-element_type=\"container\" data-e-type=\"container\">\n\t\t\t\t<div class=\"elementor-element elementor-element-82130f4 elementor-widget__width-inherit elementor-widget elementor-widget-heading\" data-id=\"82130f4\" data-element_type=\"widget\" data-e-type=\"widget\" data-widget_type=\"heading.default\">\n\t\t\t\t\t<h2 class=\"elementor-heading-title elementor-size-default\">Solu\u00e7\u00f5es em projetos<\/h2>\t\t\t\t<\/div>\n\t\t\t\t<div class=\"elementor-element elementor-element-9bb224d elementor-widget elementor-widget-heading\" data-id=\"9bb224d\" data-element_type=\"widget\" data-e-type=\"widget\" data-widget_type=\"heading.default\">\n\t\t\t\t\t<span class=\"elementor-heading-title elementor-size-default\">Precisa de instalar c\u00e2meras e os cabos n\u00e3o passam nos tubos? O Wi-fi n\u00e3o funciona na casa inteira? N\u00e3o deixaram previsto um cabo de rede para conectar sua TV direto na rede (intranet)?\n<\/span>\t\t\t\t<\/div>\n\t\t\t\t<div class=\"elementor-element elementor-element-25562d9 elementor-widget elementor-widget-text-editor\" data-id=\"25562d9\" data-element_type=\"widget\" data-e-type=\"widget\" data-widget_type=\"text-editor.default\">\n\t\t\t\t\t\t\t\t\t<p>Problemas desse tipo s\u00e3o comuns quando voc\u00ea muda para o im\u00f3vel e percebe que n\u00e3o tem infraestrutura apropriada para receber os sistemas de automa\u00e7\u00e3o, \u00e1udio, v\u00eddeo, seguran\u00e7a eletr\u00f4nica e rede.<\/p><p>Viemos para resolver isso, evite dor de cabe\u00e7a com o quebra-quebra e a sujeira.<br \/>Projetamos sua casa para, no futuro, receber as tecnologias dispon\u00edveis no mercado.<\/p><p>O projeto custa menos do que voc\u00ea pode imaginar.<\/p>\t\t\t\t\t\t\t\t<\/div>\n\t\t\t\t<div class=\"elementor-element elementor-element-66f1382 elementor-icon-list--layout-traditional elementor-list-item-link-full_width elementor-widget elementor-widget-icon-list\" data-id=\"66f1382\" data-element_type=\"widget\" data-e-type=\"widget\" data-widget_type=\"icon-list.default\">\n\t\t\t\t\t\t\t<ul class=\"elementor-icon-list-items\">\n\t\t\t\t\t\t\t<li class=\"elementor-icon-list-item\">\n\t\t\t\t\t\t\t\t\t\t\t<span class=\"elementor-icon-list-icon\">\n\t\t\t\t\t\t\t<svg aria-hidden=\"true\" class=\"e-font-icon-svg e-fas-check\" viewBox=\"0 0 512 512\" xmlns=\"http:\/\/www.w3.org\/2000\/svg\"><path d=\"M173.898 439.404l-166.4-166.4c-9.997-9.997-9.997-26.206 0-36.204l36.203-36.204c9.997-9.998 26.207-9.998 36.204 0L192 312.69 432.095 72.596c9.997-9.997 26.207-9.997 36.204 0l36.203 36.204c9.997 9.997 9.997 26.206 0 36.204l-294.4 294.401c-9.998 9.997-26.207 9.997-36.204-.001z\"><\/path><\/svg>\t\t\t\t\t\t<\/span>\n\t\t\t\t\t\t\t\t\t\t<span class=\"elementor-icon-list-text\">REDE CABEADA<\/span>\n\t\t\t\t\t\t\t\t\t<\/li>\n\t\t\t\t\t\t\t\t<li class=\"elementor-icon-list-item\">\n\t\t\t\t\t\t\t\t\t\t\t<span class=\"elementor-icon-list-icon\">\n\t\t\t\t\t\t\t<svg aria-hidden=\"true\" class=\"e-font-icon-svg e-fas-check\" viewBox=\"0 0 512 512\" xmlns=\"http:\/\/www.w3.org\/2000\/svg\"><path d=\"M173.898 439.404l-166.4-166.4c-9.997-9.997-9.997-26.206 0-36.204l36.203-36.204c9.997-9.998 26.207-9.998 36.204 0L192 312.69 432.095 72.596c9.997-9.997 26.207-9.997 36.204 0l36.203 36.204c9.997 9.997 9.997 26.206 0 36.204l-294.4 294.401c-9.998 9.997-26.207 9.997-36.204-.001z\"><\/path><\/svg>\t\t\t\t\t\t<\/span>\n\t\t\t\t\t\t\t\t\t\t<span class=\"elementor-icon-list-text\">REDE WI-FI<\/span>\n\t\t\t\t\t\t\t\t\t<\/li>\n\t\t\t\t\t\t\t\t<li class=\"elementor-icon-list-item\">\n\t\t\t\t\t\t\t\t\t\t\t<span class=\"elementor-icon-list-icon\">\n\t\t\t\t\t\t\t<svg aria-hidden=\"true\" class=\"e-font-icon-svg e-fas-check\" viewBox=\"0 0 512 512\" xmlns=\"http:\/\/www.w3.org\/2000\/svg\"><path d=\"M173.898 439.404l-166.4-166.4c-9.997-9.997-9.997-26.206 0-36.204l36.203-36.204c9.997-9.998 26.207-9.998 36.204 0L192 312.69 432.095 72.596c9.997-9.997 26.207-9.997 36.204 0l36.203 36.204c9.997 9.997 9.997 26.206 0 36.204l-294.4 294.401c-9.998 9.997-26.207 9.997-36.204-.001z\"><\/path><\/svg>\t\t\t\t\t\t<\/span>\n\t\t\t\t\t\t\t\t\t\t<span class=\"elementor-icon-list-text\">SOM AMBIENTE<\/span>\n\t\t\t\t\t\t\t\t\t<\/li>\n\t\t\t\t\t\t\t\t<li class=\"elementor-icon-list-item\">\n\t\t\t\t\t\t\t\t\t\t\t<span class=\"elementor-icon-list-icon\">\n\t\t\t\t\t\t\t<svg aria-hidden=\"true\" class=\"e-font-icon-svg e-fas-check\" viewBox=\"0 0 512 512\" xmlns=\"http:\/\/www.w3.org\/2000\/svg\"><path d=\"M173.898 439.404l-166.4-166.4c-9.997-9.997-9.997-26.206 0-36.204l36.203-36.204c9.997-9.998 26.207-9.998 36.204 0L192 312.69 432.095 72.596c9.997-9.997 26.207-9.997 36.204 0l36.203 36.204c9.997 9.997 9.997 26.206 0 36.204l-294.4 294.401c-9.998 9.997-26.207 9.997-36.204-.001z\"><\/path><\/svg>\t\t\t\t\t\t<\/span>\n\t\t\t\t\t\t\t\t\t\t<span class=\"elementor-icon-list-text\">HOME THEATER<\/span>\n\t\t\t\t\t\t\t\t\t<\/li>\n\t\t\t\t\t\t\t\t<li class=\"elementor-icon-list-item\">\n\t\t\t\t\t\t\t\t\t\t\t<span class=\"elementor-icon-list-icon\">\n\t\t\t\t\t\t\t<svg aria-hidden=\"true\" class=\"e-font-icon-svg e-fas-check\" viewBox=\"0 0 512 512\" xmlns=\"http:\/\/www.w3.org\/2000\/svg\"><path d=\"M173.898 439.404l-166.4-166.4c-9.997-9.997-9.997-26.206 0-36.204l36.203-36.204c9.997-9.998 26.207-9.998 36.204 0L192 312.69 432.095 72.596c9.997-9.997 26.207-9.997 36.204 0l36.203 36.204c9.997 9.997 9.997 26.206 0 36.204l-294.4 294.401c-9.998 9.997-26.207 9.997-36.204-.001z\"><\/path><\/svg>\t\t\t\t\t\t<\/span>\n\t\t\t\t\t\t\t\t\t\t<span class=\"elementor-icon-list-text\">ILUMINA\u00c7\u00c3O<\/span>\n\t\t\t\t\t\t\t\t\t<\/li>\n\t\t\t\t\t\t\t\t<li class=\"elementor-icon-list-item\">\n\t\t\t\t\t\t\t\t\t\t\t<span class=\"elementor-icon-list-icon\">\n\t\t\t\t\t\t\t<svg aria-hidden=\"true\" class=\"e-font-icon-svg e-fas-check\" viewBox=\"0 0 512 512\" xmlns=\"http:\/\/www.w3.org\/2000\/svg\"><path d=\"M173.898 439.404l-166.4-166.4c-9.997-9.997-9.997-26.206 0-36.204l36.203-36.204c9.997-9.998 26.207-9.998 36.204 0L192 312.69 432.095 72.596c9.997-9.997 26.207-9.997 36.204 0l36.203 36.204c9.997 9.997 9.997 26.206 0 36.204l-294.4 294.401c-9.998 9.997-26.207 9.997-36.204-.001z\"><\/path><\/svg>\t\t\t\t\t\t<\/span>\n\t\t\t\t\t\t\t\t\t\t<span class=\"elementor-icon-list-text\">AR CONDICIONADO<\/span>\n\t\t\t\t\t\t\t\t\t<\/li>\n\t\t\t\t\t\t\t\t<li class=\"elementor-icon-list-item\">\n\t\t\t\t\t\t\t\t\t\t\t<span class=\"elementor-icon-list-icon\">\n\t\t\t\t\t\t\t<svg aria-hidden=\"true\" class=\"e-font-icon-svg e-fas-check\" viewBox=\"0 0 512 512\" xmlns=\"http:\/\/www.w3.org\/2000\/svg\"><path d=\"M173.898 439.404l-166.4-166.4c-9.997-9.997-9.997-26.206 0-36.204l36.203-36.204c9.997-9.998 26.207-9.998 36.204 0L192 312.69 432.095 72.596c9.997-9.997 26.207-9.997 36.204 0l36.203 36.204c9.997 9.997 9.997 26.206 0 36.204l-294.4 294.401c-9.998 9.997-26.207 9.997-36.204-.001z\"><\/path><\/svg>\t\t\t\t\t\t<\/span>\n\t\t\t\t\t\t\t\t\t\t<span class=\"elementor-icon-list-text\">PERSIANAS<\/span>\n\t\t\t\t\t\t\t\t\t<\/li>\n\t\t\t\t\t\t\t\t<li class=\"elementor-icon-list-item\">\n\t\t\t\t\t\t\t\t\t\t\t<span class=\"elementor-icon-list-icon\">\n\t\t\t\t\t\t\t<svg aria-hidden=\"true\" class=\"e-font-icon-svg e-fas-check\" viewBox=\"0 0 512 512\" xmlns=\"http:\/\/www.w3.org\/2000\/svg\"><path d=\"M173.898 439.404l-166.4-166.4c-9.997-9.997-9.997-26.206 0-36.204l36.203-36.204c9.997-9.998 26.207-9.998 36.204 0L192 312.69 432.095 72.596c9.997-9.997 26.207-9.997 36.204 0l36.203 36.204c9.997 9.997 9.997 26.206 0 36.204l-294.4 294.401c-9.998 9.997-26.207 9.997-36.204-.001z\"><\/path><\/svg>\t\t\t\t\t\t<\/span>\n\t\t\t\t\t\t\t\t\t\t<span class=\"elementor-icon-list-text\">SEGURAN\u00c7A<\/span>\n\t\t\t\t\t\t\t\t\t<\/li>\n\t\t\t\t\t\t<\/ul>\n\t\t\t\t\t\t<\/div>\n\t\t\t\t<div class=\"elementor-element elementor-element-f697780 elementor-mobile-align-justify elementor-align-left elementor-widget elementor-widget-button\" data-id=\"f697780\" data-element_type=\"widget\" data-e-type=\"widget\" data-widget_type=\"button.default\">\n\t\t\t\t\t\t\t\t\t\t<a class=\"elementor-button elementor-button-link elementor-size-lg\" href=\"\/home-cinema\/\">\n\t\t\t\t\t\t<span class=\"elementor-button-content-wrapper\">\n\t\t\t\t\t\t\t\t\t<span class=\"elementor-button-text\">\/ SAIBA MAIS<\/span>\n\t\t\t\t\t<\/span>\n\t\t\t\t\t<\/a>\n\t\t\t\t\t\t\t\t<\/div>\n\t\t\t\t<\/div>\n\t\t\t\t\t<\/div>\n\t\t\t\t<\/div>\n\t\t<div class=\"elementor-element elementor-element-6ffb711d e-flex e-con-boxed e-con e-parent\" data-id=\"6ffb711d\" data-element_type=\"container\" data-e-type=\"container\" data-settings=\"{&quot;background_background&quot;:&quot;classic&quot;}\">\n\t\t\t\t\t<div class=\"e-con-inner\">\n\t\t\t\t<div class=\"elementor-element elementor-element-3df32e02 elementor-widget elementor-widget-heading\" data-id=\"3df32e02\" data-element_type=\"widget\" data-e-type=\"widget\" data-widget_type=\"heading.default\">\n\t\t\t\t\t<h3 class=\"elementor-heading-title elementor-size-default\">Quer falar com a Domefy? Preencha o formul\u00e1rio abaixo que entraremos em contato<\/h3>\t\t\t\t<\/div>\n\t\t\t\t<div class=\"elementor-element elementor-element-d63df14 elementor-button-align-stretch elementor-widget elementor-widget-form\" data-id=\"d63df14\" data-element_type=\"widget\" data-e-type=\"widget\" data-settings=\"{&quot;step_next_label&quot;:&quot;Pr\\u00f3ximo&quot;,&quot;step_previous_label&quot;:&quot;Anterior&quot;,&quot;button_width&quot;:&quot;100&quot;,&quot;step_type&quot;:&quot;number_text&quot;,&quot;step_icon_shape&quot;:&quot;circle&quot;}\" data-widget_type=\"form.default\">\n\t\t\t\t\t\t\t<form class=\"elementor-form\" method=\"post\" name=\"Paginas Site Domefy\" aria-label=\"Paginas Site Domefy\">\n\t\t\t<input type=\"hidden\" name=\"post_id\" value=\"2695\"\/>\n\t\t\t<input type=\"hidden\" name=\"form_id\" value=\"d63df14\"\/>\n\t\t\t<input type=\"hidden\" name=\"referer_title\" value=\"Domefy\" \/>\n\n\t\t\t\n\t\t\t<div class=\"elementor-form-fields-wrapper elementor-labels-\">\n\t\t\t\t\t\t\t\t<div class=\"elementor-field-type-text elementor-field-group elementor-column elementor-field-group-name elementor-col-100 elementor-field-required\">\n\t\t\t\t\t\t\t\t\t\t\t\t<label for=\"form-field-name\" class=\"elementor-field-label elementor-screen-only\">\n\t\t\t\t\t\t\t\tNome\t\t\t\t\t\t\t<\/label>\n\t\t\t\t\t\t\t\t\t\t\t\t\t\t<input size=\"1\" type=\"text\" name=\"form_fields[name]\" id=\"form-field-name\" class=\"elementor-field elementor-size-lg  elementor-field-textual\" placeholder=\"Nome\" required=\"required\">\n\t\t\t\t\t\t\t\t\t\t\t<\/div>\n\t\t\t\t\t\t\t\t<div class=\"elementor-field-type-email elementor-field-group elementor-column elementor-field-group-field_4181e60 elementor-col-100 elementor-field-required\">\n\t\t\t\t\t\t\t\t\t\t\t\t<label for=\"form-field-field_4181e60\" class=\"elementor-field-label elementor-screen-only\">\n\t\t\t\t\t\t\t\tE-mail\t\t\t\t\t\t\t<\/label>\n\t\t\t\t\t\t\t\t\t\t\t\t\t\t<input size=\"1\" type=\"email\" name=\"form_fields[field_4181e60]\" id=\"form-field-field_4181e60\" class=\"elementor-field elementor-size-lg  elementor-field-textual\" placeholder=\"E-mail\" required=\"required\">\n\t\t\t\t\t\t\t\t\t\t\t<\/div>\n\t\t\t\t\t\t\t\t<div class=\"elementor-field-type-tel elementor-field-group elementor-column elementor-field-group-field_aa886ca elementor-col-100 elementor-field-required\">\n\t\t\t\t\t\t\t\t\t\t\t\t<label for=\"form-field-field_aa886ca\" class=\"elementor-field-label elementor-screen-only\">\n\t\t\t\t\t\t\t\tWhatsApp\t\t\t\t\t\t\t<\/label>\n\t\t\t\t\t\t\t\t<input size=\"1\" type=\"tel\" name=\"form_fields[field_aa886ca]\" id=\"form-field-field_aa886ca\" class=\"elementor-field elementor-size-lg  elementor-field-textual\" placeholder=\"WhatsApp com DDD\" required=\"required\" pattern=\"[0-9()#&amp;+*-=.]+\" title=\"Apenas n\u00fameros e caracteres de telefone (#, -, *, etc.) s\u00e3o aceitos.\">\n\n\t\t\t\t\t\t<\/div>\n\t\t\t\t\t\t\t\t<div class=\"elementor-field-type-recaptcha elementor-field-group elementor-column elementor-field-group-field_9661731 elementor-col-100\">\n\t\t\t\t\t<div class=\"elementor-field\" id=\"form-field-field_9661731\"><div class=\"elementor-g-recaptcha\" data-sitekey=\"6LfK9m4rAAAAAOlx00xBWll-bjdbgCcY9qkto6Wf\" data-type=\"v2_checkbox\" data-theme=\"light\" data-size=\"normal\"><\/div><\/div>\t\t\t\t<\/div>\n\t\t\t\t\t\t\t\t<div class=\"elementor-field-group elementor-column elementor-field-type-submit elementor-col-100 e-form__buttons\">\n\t\t\t\t\t<button class=\"elementor-button elementor-size-lg\" type=\"submit\">\n\t\t\t\t\t\t<span class=\"elementor-button-content-wrapper\">\n\t\t\t\t\t\t\t\t\t\t\t\t\t\t\t\t\t\t\t\t\t\t<span class=\"elementor-button-text\">Enviar<\/span>\n\t\t\t\t\t\t\t\t\t\t\t\t\t<\/span>\n\t\t\t\t\t<\/button>\n\t\t\t\t<\/div>\n\t\t\t<\/div>\n\t\t<\/form>\n\t\t\t\t\t\t<\/div>\n\t\t\t\t\t<\/div>\n\t\t\t\t<\/div>\n\t\t\t\t<\/div>\n\t\t","protected":false},"excerpt":{"rendered":"<p>Solu\u00e7\u00f5es em projetos Precisa de instalar c\u00e2meras e os cabos n\u00e3o passam nos tubos? O Wi-fi n\u00e3o funciona na casa inteira? N\u00e3o deixaram previsto um cabo de rede para conectar sua TV direto na rede (intranet)? Problemas desse tipo s\u00e3o comuns quando voc\u00ea muda para o im\u00f3vel e percebe que n\u00e3o tem infraestrutura apropriada para [&hellip;]<\/p>\n","protected":false},"author":1,"featured_media":0,"parent":0,"menu_order":0,"comment_status":"closed","ping_status":"closed","template":"","meta":{"footnotes":""},"class_list":["post-2695","page","type-page","status-publish","hentry"],"yoast_head":"<!-- This site is optimized with the Yoast SEO plugin v27.4 - https:\/\/yoast.com\/product\/yoast-seo-wordpress\/ -->\n<title>Projetos - Domefy<\/title>\n<meta name=\"robots\" content=\"index, follow, max-snippet:-1, max-image-preview:large, max-video-preview:-1\" \/>\n<link rel=\"canonical\" href=\"https:\/\/domefy.com.br\/ads\/projetos\/\" \/>\n<meta property=\"og:locale\" content=\"pt_BR\" \/>\n<meta property=\"og:type\" content=\"article\" \/>\n<meta property=\"og:title\" content=\"Projetos - Domefy\" \/>\n<meta property=\"og:description\" content=\"Solu\u00e7\u00f5es em projetos Precisa de instalar c\u00e2meras e os cabos n\u00e3o passam nos tubos? O Wi-fi n\u00e3o funciona na casa inteira? N\u00e3o deixaram previsto um cabo de rede para conectar sua TV direto na rede (intranet)? Problemas desse tipo s\u00e3o comuns quando voc\u00ea muda para o im\u00f3vel e percebe que n\u00e3o tem infraestrutura apropriada para [&hellip;]\" \/>\n<meta property=\"og:url\" content=\"https:\/\/domefy.com.br\/ads\/projetos\/\" \/>\n<meta property=\"og:site_name\" content=\"Domefy\" \/>\n<meta property=\"article:modified_time\" content=\"2026-02-12T12:49:33+00:00\" \/>\n<meta property=\"og:image\" content=\"https:\/\/domefy.com.br\/ads\/wp-content\/uploads\/2026\/02\/drfghadsfg.jpg\" \/>\n<meta name=\"twitter:card\" content=\"summary_large_image\" \/>\n<meta name=\"twitter:label1\" content=\"Est. tempo de leitura\" \/>\n\t<meta name=\"twitter:data1\" content=\"1 minuto\" \/>\n<script type=\"application\/ld+json\" class=\"yoast-schema-graph\">{\"@context\":\"https:\\\/\\\/schema.org\",\"@graph\":[{\"@type\":\"WebPage\",\"@id\":\"https:\\\/\\\/domefy.com.br\\\/ads\\\/projetos\\\/\",\"url\":\"https:\\\/\\\/domefy.com.br\\\/ads\\\/projetos\\\/\",\"name\":\"Projetos - Domefy\",\"isPartOf\":{\"@id\":\"https:\\\/\\\/domefy.com.br\\\/ads\\\/#website\"},\"primaryImageOfPage\":{\"@id\":\"https:\\\/\\\/domefy.com.br\\\/ads\\\/projetos\\\/#primaryimage\"},\"image\":{\"@id\":\"https:\\\/\\\/domefy.com.br\\\/ads\\\/projetos\\\/#primaryimage\"},\"thumbnailUrl\":\"https:\\\/\\\/domefy.com.br\\\/ads\\\/wp-content\\\/uploads\\\/2026\\\/02\\\/drfghadsfg.jpg\",\"datePublished\":\"2020-07-07T23:25:17+00:00\",\"dateModified\":\"2026-02-12T12:49:33+00:00\",\"breadcrumb\":{\"@id\":\"https:\\\/\\\/domefy.com.br\\\/ads\\\/projetos\\\/#breadcrumb\"},\"inLanguage\":\"pt-BR\",\"potentialAction\":[{\"@type\":\"ReadAction\",\"target\":[\"https:\\\/\\\/domefy.com.br\\\/ads\\\/projetos\\\/\"]}]},{\"@type\":\"ImageObject\",\"inLanguage\":\"pt-BR\",\"@id\":\"https:\\\/\\\/domefy.com.br\\\/ads\\\/projetos\\\/#primaryimage\",\"url\":\"https:\\\/\\\/domefy.com.br\\\/ads\\\/wp-content\\\/uploads\\\/2026\\\/02\\\/drfghadsfg.jpg\",\"contentUrl\":\"https:\\\/\\\/domefy.com.br\\\/ads\\\/wp-content\\\/uploads\\\/2026\\\/02\\\/drfghadsfg.jpg\",\"width\":580,\"height\":619},{\"@type\":\"BreadcrumbList\",\"@id\":\"https:\\\/\\\/domefy.com.br\\\/ads\\\/projetos\\\/#breadcrumb\",\"itemListElement\":[{\"@type\":\"ListItem\",\"position\":1,\"name\":\"In\u00edcio\",\"item\":\"https:\\\/\\\/domefy.com.br\\\/ads\\\/\"},{\"@type\":\"ListItem\",\"position\":2,\"name\":\"Projetos\"}]},{\"@type\":\"WebSite\",\"@id\":\"https:\\\/\\\/domefy.com.br\\\/ads\\\/#website\",\"url\":\"https:\\\/\\\/domefy.com.br\\\/ads\\\/\",\"name\":\"Domefy\",\"description\":\"Tudo que voc\u00ea sempre sonhou nas palmas da sua m\u00e3o. Executamos projetos sofisticados e personalizados de automa\u00e7\u00e3o, seguran\u00e7a e \u00e1udio &amp; v\u00eddeo\",\"potentialAction\":[{\"@type\":\"SearchAction\",\"target\":{\"@type\":\"EntryPoint\",\"urlTemplate\":\"https:\\\/\\\/domefy.com.br\\\/ads\\\/?s={search_term_string}\"},\"query-input\":{\"@type\":\"PropertyValueSpecification\",\"valueRequired\":true,\"valueName\":\"search_term_string\"}}],\"inLanguage\":\"pt-BR\"}]}<\/script>\n<!-- \/ Yoast SEO plugin. -->","yoast_head_json":{"title":"Projetos - Domefy","robots":{"index":"index","follow":"follow","max-snippet":"max-snippet:-1","max-image-preview":"max-image-preview:large","max-video-preview":"max-video-preview:-1"},"canonical":"https:\/\/domefy.com.br\/ads\/projetos\/","og_locale":"pt_BR","og_type":"article","og_title":"Projetos - Domefy","og_description":"Solu\u00e7\u00f5es em projetos Precisa de instalar c\u00e2meras e os cabos n\u00e3o passam nos tubos? O Wi-fi n\u00e3o funciona na casa inteira? N\u00e3o deixaram previsto um cabo de rede para conectar sua TV direto na rede (intranet)? Problemas desse tipo s\u00e3o comuns quando voc\u00ea muda para o im\u00f3vel e percebe que n\u00e3o tem infraestrutura apropriada para [&hellip;]","og_url":"https:\/\/domefy.com.br\/ads\/projetos\/","og_site_name":"Domefy","article_modified_time":"2026-02-12T12:49:33+00:00","og_image":[{"url":"https:\/\/domefy.com.br\/ads\/wp-content\/uploads\/2026\/02\/drfghadsfg.jpg","type":"","width":"","height":""}],"twitter_card":"summary_large_image","twitter_misc":{"Est. tempo de leitura":"1 minuto"},"schema":{"@context":"https:\/\/schema.org","@graph":[{"@type":"WebPage","@id":"https:\/\/domefy.com.br\/ads\/projetos\/","url":"https:\/\/domefy.com.br\/ads\/projetos\/","name":"Projetos - Domefy","isPartOf":{"@id":"https:\/\/domefy.com.br\/ads\/#website"},"primaryImageOfPage":{"@id":"https:\/\/domefy.com.br\/ads\/projetos\/#primaryimage"},"image":{"@id":"https:\/\/domefy.com.br\/ads\/projetos\/#primaryimage"},"thumbnailUrl":"https:\/\/domefy.com.br\/ads\/wp-content\/uploads\/2026\/02\/drfghadsfg.jpg","datePublished":"2020-07-07T23:25:17+00:00","dateModified":"2026-02-12T12:49:33+00:00","breadcrumb":{"@id":"https:\/\/domefy.com.br\/ads\/projetos\/#breadcrumb"},"inLanguage":"pt-BR","potentialAction":[{"@type":"ReadAction","target":["https:\/\/domefy.com.br\/ads\/projetos\/"]}]},{"@type":"ImageObject","inLanguage":"pt-BR","@id":"https:\/\/domefy.com.br\/ads\/projetos\/#primaryimage","url":"https:\/\/domefy.com.br\/ads\/wp-content\/uploads\/2026\/02\/drfghadsfg.jpg","contentUrl":"https:\/\/domefy.com.br\/ads\/wp-content\/uploads\/2026\/02\/drfghadsfg.jpg","width":580,"height":619},{"@type":"BreadcrumbList","@id":"https:\/\/domefy.com.br\/ads\/projetos\/#breadcrumb","itemListElement":[{"@type":"ListItem","position":1,"name":"In\u00edcio","item":"https:\/\/domefy.com.br\/ads\/"},{"@type":"ListItem","position":2,"name":"Projetos"}]},{"@type":"WebSite","@id":"https:\/\/domefy.com.br\/ads\/#website","url":"https:\/\/domefy.com.br\/ads\/","name":"Domefy","description":"Tudo que voc\u00ea sempre sonhou nas palmas da sua m\u00e3o. Executamos projetos sofisticados e personalizados de automa\u00e7\u00e3o, seguran\u00e7a e \u00e1udio &amp; v\u00eddeo","potentialAction":[{"@type":"SearchAction","target":{"@type":"EntryPoint","urlTemplate":"https:\/\/domefy.com.br\/ads\/?s={search_term_string}"},"query-input":{"@type":"PropertyValueSpecification","valueRequired":true,"valueName":"search_term_string"}}],"inLanguage":"pt-BR"}]}},"_links":{"self":[{"href":"https:\/\/domefy.com.br\/ads\/wp-json\/wp\/v2\/pages\/2695","targetHints":{"allow":["GET"]}}],"collection":[{"href":"https:\/\/domefy.com.br\/ads\/wp-json\/wp\/v2\/pages"}],"about":[{"href":"https:\/\/domefy.com.br\/ads\/wp-json\/wp\/v2\/types\/page"}],"author":[{"embeddable":true,"href":"https:\/\/domefy.com.br\/ads\/wp-json\/wp\/v2\/users\/1"}],"replies":[{"embeddable":true,"href":"https:\/\/domefy.com.br\/ads\/wp-json\/wp\/v2\/comments?post=2695"}],"version-history":[{"count":21,"href":"https:\/\/domefy.com.br\/ads\/wp-json\/wp\/v2\/pages\/2695\/revisions"}],"predecessor-version":[{"id":6457,"href":"https:\/\/domefy.com.br\/ads\/wp-json\/wp\/v2\/pages\/2695\/revisions\/6457"}],"wp:attachment":[{"href":"https:\/\/domefy.com.br\/ads\/wp-json\/wp\/v2\/media?parent=2695"}],"curies":[{"name":"wp","href":"https:\/\/api.w.org\/{rel}","templated":true}]}}